0).
18
Let n(k) = -7*k**2 - 21*k + 38. Calculate n(-5).
-32
Let b(s) = -1065*s - 8412. What is b(-8)?
108
Let a(i) = -100*i + 1306. Give a(13).
6
Let a(j) = -70*j + 1047. Give a(15).
-3
Let r(t) = -5*t**2 + 24*t - 31. Determine r(3).
-4
Let a(j) = -25*j**2 + 110*j + 160. Calculate a(6).
-80
Let h(v) = -258*v - 1564. Calculate h(-6).
-16
Let h(l) = -191*l + 332. Determine h(3).
-241
Let t(a) = -52*a - 310. Give t(-6).
2
Let l(m) = 11*m**2 + 161*m + 225. What is l(-13)?
-9
Let q(i) = 5*i**2 + 1045*i + 4. Give q(-209).
4
Let o(g) = 18608*g - 55819. Calculate o(3).
5
Let t(x) = -4*x - 87. Determine t(26).
-191
Let z(n) = 2*n**2 + 25*n - 1761. Determine z(24).
-9
Let u(q) = -q**3 - 13*q**2 + 72*q + 77. What is u(-17)?
9
Let r(n) = 3*n**3 - 125*n**2 - 67*n + 1109. What is r(42)?
59
Let v(d) = -321*d + 197. Determine v(0).
197
Let v(k) = k**3 + 7*k**2 - 230*k - 32. What is v(-19)?
6
Let x(t) = -11*t**2 + 41*t + 36. What is x(5)?
-34
Let o(j) = -j**3 + 46*j**2 - 93*j - 82. What is o(44)?
-302
Let o(n) = 995*n - 2964. Determine o(3).
21
Let s(p) = -4*p**3 - 7*p**2 + 3*p + 27. Give s(3).
-135
Let y(g) = -51*g - 378. What is y(-6)?
-72
Let d(o) = -7*o**2 - 498*o - 1952. Determine d(-67).
-9
Let u(f) = -4*f**2 - 73*f + 143. What is u(-20)?
3
Let m(a) = -2*a**3 - 24*a**2 + 35*a + 9. Calculate m(-13).
-108
Let x(k) = -2*k**2 - 27*k + 19. Determine x(-12).
55
Let z(i) = i**3 - 69*i**2 - 149*i + 573. Calculate z(71).
76
Let o(j) = 196*j + 866. What is o(-2)?
474
Let p(t) = 12*t - 158. Calculate p(12).
-14
Let y(j) = 2*j**2 + 24*j - 3. What is y(-12)?
-3
Let v(q) = q**3 + 13*q**2 - 29*q - 8. Give v(-15).
-23
Let v(c) = -323*c**3 + c**2 + 124*c - 124. What is v(1)?
-322
Let x(f) = -f**2 + 451*f - 3122. What is x(7)?
-14
Let l(r) = -123*r + 8104. What is l(66)?
-14
Let a(f) = -2*f**3 + 11*f - 4. Determine a(2).
2
Let t(z) = -169*z**2 - 84*z + 2. Give t(-2).
-506
Let o(y) = -y**3 + 10*y**2 - 3*y + 55. Calculate o(10).
25
Let s(o) = o**3 - 52*o**2 + 362*o - 103. What is s(8)?
-23
Let t(f) = 390*f + 604. What is t(-1)?
214
Let g(s) = -s**2 + 20*s - 66. What is g(11)?
33
Let m(x) = 29*x - 1130. Calculate m(39).
1
Let x(s) = 19*s + 9. Determine x(-2).
-29
Let w(h) = 23*h + 96. Give w(1).
119
Let f(y) = -y**2 + 50*y + 25. Determine f(51).
-26
Let k(r) = -r**3 + 41*r**2 + 578*r + 54. Calculate k(-11).
-12
Let w(x) = -6*x**2 - 7*x - 16. Determine w(-2).
-26
Let z(w) = 670*w - 32827. Determine z(49).
3
Let c(t) = t**3 - 99*t**2 + 107*t - 161. Give c(98).
721
Let v(j) = -4*j**2 + 284*j + 1198. Give v(75).
-2
Let t(w) = w**3 + 17*w**2 + 35*w + 25. Determine t(-15).
-50
Let n(o) = -18*o**2 + 209*o + 205. Determine n(13).
-120
Let p(d) = 2*d**3 + 25*d**2 + 34*d + 244. Give p(-12).
-20
Let l(u) = -54*u - 611. Determine l(-12).
37
Let i(j) = 50*j + 2253. What is i(-45)?
3
Let u(i) = -4*i**2 - 132*i - 21. Calculate u(-33).
-21
Let f(k) = k**3 + 7*k**2 - 21*k - 181. Determine f(-6).
-19
Let u(c) = 5*c + 353. Determine u(-25).
228
Let l(f) = f**2 - 5*f + 18. What is l(7)?
32
Let n(r) = 19*r**3 - 6*r**2 + r + 8. Calculate n(2).
138
Let l(v) = -v**3 - 6*v**2 + 61*v + 323. Calculate l(-5).
-7
Let y(q) = 97*q + 4935. What is y(-51)?
-12
Let r(j) = -2*j**3 - 39*j**2 - 85*j + 3. Give r(-17).
3
Let w(f) = 12*f**2 + 54*f + 17. Determine w(-7).
227
Let g(k) = -17*k**2 + k + 1. Give g(-2).
-69
Let d(a) = -a**3 - 9*a**2 + 6*a - 168. What is d(-12)?
192
Let x(v) = 9*v + 3. What is x(-22)?
-195
Let n(v) = v**2 + 215*v - 2965. What is n(13)?
-1
Let g(c) = 192*c + 7808. Give g(-41).
-64
Let w(g) = 5*g**3 + 34*g**2 + 27*g + 14. Determine w(-6).
-4
Let h(y) = y**3 + 12*y**2 + 27*y - 55. What is h(-6)?
-1
Let u(o) = -464*o - 2328. Calculate u(-5).
-8
Let h(m) = 50*m + 403. Give h(-8).
3
Let v(m) = 4*m**3 + 28*m**2 - 104*m - 8. Calculate v(4).
280
Let z(v) = -4*v**2 - 198*v + 89. Calculate z(-50).
-11
Let b(q) = 2*q - 77. Determine b(-26).
-129
Let g(d) = -d**2 - 37*d - 132. Give g(-33).
0
Let t(k) = 89*k - 884. Give t(8).
-172
Let z(h) = 10*h**3 + 3*h**2 - 12*h + 21. Determine z(2).
89
Let g(t) = 23*t**3 + t**2 - 7*t + 6. Determine g(2).
180
Let z(s) = s**3 + 22*s**2 + 59*s + 81. Calculate z(-19).
43
Let t(s) = -340*s**2 + 1695*s - 3. Determine t(5).
-28
Let f(t) = 2*t**2 + 34*t - 24. Determine f(-9).
-168
Let v(a) = -78*a + 726. Calculate v(9).
24
Let z(n) = -n**3 + 27*n**2 + 2*n - 157. What is z(26)?
571
Let y(w) = -2*w**3 + 14*w**2 - 2*w + 11. What is y(8)?
-133
Let r(o) = o**3 + 44*o**2 + 3*o - 86. What is r(-44)?
-218
Let h(j) = -j**2 + 1438*j + 36572. Give h(-25).
-3
Let u(z) = 2481*z - 14890. Give u(6).
-4
Let h(r) = -674*r - 2537. What is h(-4)?
159
Let x(m) = 160*m - 1586. Give x(10).
14
Let r(c) = 6*c**2 + c - 11. Determine r(-6).
199
Let o(w) = -3*w**2 + 267*w - 3157. Give o(75).
-7
Let m(r) = 448*r**2 - 60*r - 59. Calculate m(-1).
449
Let n(x) = 481*x + 979. What is n(-2)?
17
Let g(p) = -199*p + 1001. Calculate g(5).
6
Let u(k) = k**3 - 29*k**2 + 11*k - 317. Determine u(29).
2
Let o(x) = -181*x**2 + 721*x + 2. Calculate o(4).
-10
Let t(c) = c**2 + 1806*c + 60251. What is t(-34)?
3
Let u(d) = -256*d + 35842. What is u(140)?
2
Let j(g) = -9*g**2 - 46*g + 130. What is j(-7)?
11
Let k(t) = -3*t**3 + 102*t**2 - 2*t + 6. Determine k(34).
-62
Let c(w) = -130*w + 2069. Determine c(16).
-11
Let j(r) = 4*r**2 + 44*r + 55. Give j(-9).
-17
Let w(j) = -3*j**2 - 12*j + 52. Give w(-10).
-128
Let g(m) = -433*m + 41134. Give g(95).
-1
Let r(q) = q**2 - 60*q + 1103. Determine r(31).
204
Let q(a) = -219*a - 214. What is q(-1)?
5
Let p(z) = z**3 - 4*z**2 - 10*z - 7. Calculate p(6).
5
Let s(m) = 17*m + 334. Calculate s(-17).
45
Let z(n) = 2*n**2 + 239*n - 6232. Give z(22).
-6
Let s(c) = -327*c + 10784. Calculate s(33).
-7
Let i(c) = c**3 + 19*c**2 + 3*c + 47. Determine i(-19).
-10
Let j(g) = g**2 - 42*g - 240. Calculate j(55).
475
Let q(n) = 237*n - 241. Determine q(1).
-4
Let o(z) = 172*z + 71558. Give o(-416).
6
Let c(z) = -z**2 + 282*z - 14709. Determine c(69).
-12
Let t(n) = n**3 - 26*n**2 - 696*n + 18029. What is t(25)?
4
Let i(b) = 29*b + 10. Determine i(3).
97
Let v(k) = -151*k + 2530. What is v(19)?
-339
Let t(c) = -14*c**2 - 44*c - 42. Determine t(-1).
-12
Let s(q) = 30*q - 283. What is s(10)?
17
Let x(h) = -h**3 - 10*h**2 + 22. Give x(-7).
-125
Let h(i) = -56*i**2 - 334*i + 18. Calculate h(-6).
6
Let q(v) = -v**3 - 52*v**2 + 24*v + 1198. Determine q(-52).
-50
Let f(y) = y**2 + 22*y - 12. Calculate f(4).
92
Let i(s) = s**2 - 58*s - 893. Give i(-12).
-53
Let q(v) = -19*v**2 + 48*v - 41. Calculate q(1).
-12
Let t(j) = -6*j**2 + 196*j + 16. What is t(33)?
-50
Let m(b) = -3*b**2 + 101*b - 592. Give m(26).
6
Let a(h) = -h**2 - 1575*h - 6280. Give a(-4).
4
Let p(c) = 16*c**2 - 2468*c + 2469. Give p(1).
17
Let o(j) = -15*j**2 + 707*j + 84. Determine o(47).
178
Let y(s) = -6*s**2 + 24*s + 74. What is y(6)?
2
Let m(s) = 1486*s + 8759. Calculate m(-6).
-157
Let q(p) = p**2 + 113*p - 1794. What is q(14)?
-16
Let t(h) = -h**3 - 7*h**2 - 12*h - 75. Determine t(-4).
-75
Let b(v) = -v**2 + 96*v + 398. Give b(103).
-323
Let o(m) = 50*m + 685. What is o(-14)?
-15
Let i(o) = o**3 - 18*o**2 - 269*o - 22. Calculate i(-10).
-132
Let s(r) = 768*r - 4555. What is s(6)?
53
Let f(n) = -3*n**3 - 9*n**2 - 12*n + 58. What is f(-4)?
154
Let d(v) = 2*v**2 - 58*v - 9. Give d(28).
-65
Let i(y) = -30*y + 367. Calculate i(4).
247
Let f(h) = -27*h + 380. Give f(11).
83
Let n(g) = -g**2 + 24*g + 601. Calculate n(-15).
16
Let h(k) = k**2 - 35*k + 193. Give h(6).
19
Let i(h) = 3*h**2 - 53*h - 295. What is i(-5)?
45
Let c(k) = k**2 + 35*k + 47. What is c(-30)?
-103
Let n(j) = j**3 + 58*j**2 + 581*j - 55. Give n(-13).
-3
Let k(o) = -o**3 - o**2 + 21*o - 31. What is k(3)?
-4
Let h(x) = -45*x**2 - 33*x + 6. Calculate h(-1).
-6
Let x(o) = -42*o**3 + 3*o**2 - 13*o + 14. Give x(1).
-38
Let o(h) = -23*h**2 - 61*h + 339. Give o(5).
-541
Let c(g) = -g**3 + 13*g**2 - 6*g - 67. Determine c(12).
5
Let w(z) = -13*z**2 + 9*z - 3. What is w(3)?
-93
Let n(k) = 2*k**3 - 19*k**2 + 30*k - 126. Determine n(9).
63
Let v(q) = -q**3 - 36*q**2 + 5*q + 184. Calculate v(-36).
4
Let s(w) = w**3 - 85*w**2 + 165*w + 91. Determine s(83).
8
Let j(x) = x**3 + 8*x**2 + 21*x + 84. Give j(-7).
-14
Let q(y) = 71*y - 155. Give q(10).
555
Let d(q) = 7*q**3 - 103*q**2 